{"id":28,"date":"2025-12-16T22:20:14","date_gmt":"2025-12-16T22:20:14","guid":{"rendered":"https:\/\/www.erdemselcuk.com\/?page_id=28"},"modified":"2025-12-16T22:20:14","modified_gmt":"2025-12-16T22:20:14","slug":"bulten","status":"publish","type":"page","link":"https:\/\/www.erdemselcuk.com\/?page_id=28","title":{"rendered":"B\u00fclten"},"content":{"rendered":"\n<p>Her hafta 3 fikir, 2 al\u0131nt\u0131 ve 1 sorudan olu\u015fan k\u0131sa bir b\u00fclten g\u00f6nderiyorum.<\/p>\n\n\n\n<p>Bu b\u00fclten, al\u0131\u015fkanl\u0131klar, \u00fcretkenlik ve psikoloji \u00fczerine d\u00fc\u015f\u00fcnceler i\u00e7eriyor. Abone olarak, d\u00fc\u015f\u00fcncelerinizi geli\u015ftirecek yeni fikirlerden haberdar olabilirsiniz.<\/p>\n\n\n\n<p>B\u00fcltene abone olmak i\u00e7in e-posta adresinizi buraya yazabilirsiniz. (Bu bir \u00f6rnektir, form ekleyebilirsiniz.)<\/p>\n","protected":false},"excerpt":{"rendered":"<p>Her hafta 3 fikir, 2 al\u0131nt\u0131 ve 1 sorudan olu\u015fan k\u0131sa bir b\u00fclten g\u00f6nderiyorum. Bu b\u00fclten, al\u0131\u015fkanl\u0131klar, \u00fcretkenlik ve psikoloji&hellip; <a class=\"read-more\" href=\"https:\/\/www.erdemselcuk.com\/?page_id=28\">Okumaya devam et<\/a><\/p>\n","protected":false},"author":1,"featured_media":0,"parent":0,"menu_order":0,"comment_status":"closed","ping_status":"closed","template":"","meta":{"footnotes":""},"class_list":["post-28","page","type-page","status-publish","hentry"],"_links":{"self":[{"href":"https:\/\/www.erdemselcuk.com\/index.php?rest_route=\/wp\/v2\/pages\/28","targetHints":{"allow":["GET"]}}],"collection":[{"href":"https:\/\/www.erdemselcuk.com\/index.php?rest_route=\/wp\/v2\/pages"}],"about":[{"href":"https:\/\/www.erdemselcuk.com\/index.php?rest_route=\/wp\/v2\/types\/page"}],"author":[{"embeddable":true,"href":"https:\/\/www.erdemselcuk.com\/index.php?rest_route=\/wp\/v2\/users\/1"}],"replies":[{"embeddable":true,"href":"https:\/\/www.erdemselcuk.com\/index.php?rest_route=%2Fwp%2Fv2%2Fcomments&post=28"}],"version-history":[{"count":1,"href":"https:\/\/www.erdemselcuk.com\/index.php?rest_route=\/wp\/v2\/pages\/28\/revisions"}],"predecessor-version":[{"id":29,"href":"https:\/\/www.erdemselcuk.com\/index.php?rest_route=\/wp\/v2\/pages\/28\/revisions\/29"}],"wp:attachment":[{"href":"https:\/\/www.erdemselcuk.com\/index.php?rest_route=%2Fwp%2Fv2%2Fmedia&parent=28"}],"curies":[{"name":"wp","href":"https:\/\/api.w.org\/{rel}","templated":true}]}}