{"id":12,"date":"2025-12-12T03:21:50","date_gmt":"2025-12-12T03:21:50","guid":{"rendered":"https:\/\/www.erdemselcuk.com\/?page_id=12"},"modified":"2025-12-12T03:21:50","modified_gmt":"2025-12-12T03:21:50","slug":"yazilar","status":"publish","type":"page","link":"https:\/\/www.erdemselcuk.com\/?page_id=12","title":{"rendered":"Yaz\u0131lar"},"content":{"rendered":"\n<p>Disiplin Neden Motivasyondan Daha \u00d6nemlidir?<br>Al\u0131\u015fkanl\u0131klar Beyni Nas\u0131l \u015eekillendirir?<br>D\u00fc\u015f\u00fcnce G\u00fcnl\u00fc\u011f\u00fc Tutman\u0131n Psikolojik Faydalar\u0131<br>Kitap Okurken Daha Fazla Hat\u0131rlaman\u0131n 7 Yolu<br>Zihin Haritalar\u0131 ile \u00d6\u011frenme Nas\u0131l H\u0131zlan\u0131r?<\/p>\n","protected":false},"excerpt":{"rendered":"<p>Disiplin Neden Motivasyondan Daha \u00d6nemlidir?Al\u0131\u015fkanl\u0131klar Beyni Nas\u0131l \u015eekillendirir?D\u00fc\u015f\u00fcnce G\u00fcnl\u00fc\u011f\u00fc Tutman\u0131n Psikolojik Faydalar\u0131Kitap Okurken Daha Fazla Hat\u0131rlaman\u0131n 7 YoluZihin Haritalar\u0131 ile&hellip; <a class=\"read-more\" href=\"https:\/\/www.erdemselcuk.com\/?page_id=12\">Okumaya devam et<\/a><\/p>\n","protected":false},"author":1,"featured_media":0,"parent":0,"menu_order":0,"comment_status":"closed","ping_status":"closed","template":"","meta":{"footnotes":""},"class_list":["post-12","page","type-page","status-publish","hentry"],"_links":{"self":[{"href":"https:\/\/www.erdemselcuk.com\/index.php?rest_route=\/wp\/v2\/pages\/12","targetHints":{"allow":["GET"]}}],"collection":[{"href":"https:\/\/www.erdemselcuk.com\/index.php?rest_route=\/wp\/v2\/pages"}],"about":[{"href":"https:\/\/www.erdemselcuk.com\/index.php?rest_route=\/wp\/v2\/types\/page"}],"author":[{"embeddable":true,"href":"https:\/\/www.erdemselcuk.com\/index.php?rest_route=\/wp\/v2\/users\/1"}],"replies":[{"embeddable":true,"href":"https:\/\/www.erdemselcuk.com\/index.php?rest_route=%2Fwp%2Fv2%2Fcomments&post=12"}],"version-history":[{"count":1,"href":"https:\/\/www.erdemselcuk.com\/index.php?rest_route=\/wp\/v2\/pages\/12\/revisions"}],"predecessor-version":[{"id":13,"href":"https:\/\/www.erdemselcuk.com\/index.php?rest_route=\/wp\/v2\/pages\/12\/revisions\/13"}],"wp:attachment":[{"href":"https:\/\/www.erdemselcuk.com\/index.php?rest_route=%2Fwp%2Fv2%2Fmedia&parent=12"}],"curies":[{"name":"wp","href":"https:\/\/api.w.org\/{rel}","templated":true}]}}